factor of 2786 and j?
14
Let t be 4536/4 - -2*1. Let m = 82955 + -82939. Calculate the highest common factor of t and m.
16
Let n = -8 - -13. Suppose -n*x = -9*x + 28. Suppose -x*l + 20*l = 234. What is the highest common divisor of l and 45?
9
Let l = 10866 + -10053. Calculate the greatest common factor of 3 and l.
3
Let h be (16/(-84)*14)/(((-1)/(-78))/(-1)). Calculate the greatest common divisor of h and 128.
16
Let z = 13904 - -446. Suppose -24*f = -65*f + z. Calculate the highest common factor of f and 150.
50
Suppose 5*v + 3*d - 243 = 0, 4*v - 35 = 3*d + 154. Let t(m) = 13*m + 167. Let j be t(-11). Calculate the highest common factor of v and j.
24
Let r be 209/4 - (-2)/(-8). Let x be -1 + 0 - (3 - -2). Let g be 42 + -2 - (7 + x). What is the highest common factor of g and r?
13
Suppose 8*a + 10 = 13*a. Let g = -39 - -41. Let k be (1/g)/(a/156). What is the greatest common factor of 13 and k?
13
Let o be (-404192)/(-160) - (5 - 87/15). Calculate the highest common factor of o and 91.
7
Suppose 2*i + 2*p - 186 = 0, -i - 5*p = -133 + 52. What is the greatest common divisor of 12 and i?
12
Let b be (-33)/(495/240)*-3036. Calculate the highest common factor of b and 46.
46
Let j(c) = -9 + 18 - 11 + 8*c**2 + 3*c. Let s be j(6). Let l = 30 + 8. What is the highest common factor of l and s?
38
Suppose 28*r - 13917 = 16575. What is the highest common factor of 99 and r?
99
Suppose 3*j + 5 = 2*z, 3*z - 13 + 3 = 4*j. Suppose -11*u + 12 = -z*u. What is the greatest common factor of u and 192?
12
Let c = 4 - -5. Let h(m) = -10*m - 592. Let y be h(-70). Calculate the highest common divisor of y and c.
9
Let z be 157/(6*(-5)/(-30)). Let r = z + -119. What is the highest common divisor of 209 and r?
19
Let m = 108 - 98. Let x be 24/(-14)*(3 + -115). Suppose 52 = -2*d + x. Calculate the greatest common factor of d and m.
10
Let h(b) = 19*b**2 + 146*b + 69. Let q be h(-19). What is the greatest common divisor of 268 and q?
134
Suppose 0 = -11*g + 6*g + 15, 4*r - 4*g = 124. Calculate the highest common divisor of 850 and r.
34
Suppose 6*n - 204 = 2*n. Suppose 0 = -7*s + 10*s - n. Suppose -1993 = -36*j + 1067. What is the highest common factor of j and s?
17
Let w be 33/((3/24)/((-5)/(-30))). Calculate the greatest common factor of 572 and w.
44
Let l(b) = -3204*b - 1650. Let u be l(-2). Calculate the greatest common factor of u and 390.
78
Let q = 10875 + -9841. What is the highest common factor of q and 376?
94
Let p be (-144)/252 - (-3 + (-40353)/21). What is the greatest common factor of 52 and p?
52
Let j(s) = 483*s**2 - 4*s + 1. Let l be j(1). Suppose -o = -5*o + l. Suppose 2*b - 38 = -2*p, -7 = -3*p + 5. Calculate the highest common divisor of b and o.
15
Let b(g) = -3*g**3 - 10*g**2 - 2*g - 5. Let s be b(-5). What is the highest common divisor of s and 2080?
130
Let g = 4245 + -3881. What is the highest common factor of g and 455?
91
Let w(r) = 5*r**2 + 0*r - r - r + r**3. Let k be w(-4). Suppose 4*o = -2*m + 55 + 65, 3*m - 180 = 2*o. Calculate the highest common factor of m and k.
12
Let j(z) = z**2 + 2*z - 4. Let g be j(-3). Let c(r) = -12 + 15 - 11299*r + 11239*r. Let p be c(g). Calculate the greatest common factor of p and 9.
9
Let m = 9016 - 9002. What is the highest common factor of 3283 and m?
7
Let q(w) be the second derivative of -3*w**3/2 + 3*w**2 + 9*w. Let a be q(-6). Let s be (18/(-27))/((-2)/a). Calculate the highest common factor of 80 and s.
20
Let x(y) = -221*y - 49. Let a be x(-5). Suppose 22*z + 2*z = a. What is the highest common factor of 77 and z?
11
Let l(w) = w**3 - 2*w**2 + 5*w - 67. Let v be l(8). Calculate the greatest common divisor of v and 1904.
119
Let v be (-210)/90*(-72)/28. What is the highest common divisor of 141 and v?
3
Suppose 118*v - 6920 = 514. Calculate the highest common divisor of v and 497.
7
Let v = -47 - -17. Suppose 373 = 8*r + 1077. Let z = v - r. Calculate the greatest common factor of z and 145.
29
Let k(g) = -g**2 + 14*g - 18. Let i be k(12). Let v = i + 1. Let t be 1011/18 - (-29)/(-174). What is the highest common divisor of t and v?
7
Let x = -11894 + 11930. What is the greatest common factor of x and 1692?
36
Suppose 7*c = 112 - 1470. Let y = -154 - c. What is the greatest common factor of 24 and y?
8
Suppose 3*i - 4 = j, 1 = 3*i - 6*i + 2*j. Suppose 5*b = i*y + 1607, -4*y = -2*b + 1076 - 422. What is the highest common divisor of 29 and b?
29
Suppose -31*m = -41*m + 60. Let w be 18/((-1)/(-16)*m). Calculate the greatest common factor of 72 and w.
24
Let k(p) = 2*p - 120. Let t be k(17). Let u = -6 - t. What is the highest common factor of u and 200?
40
Suppose 0 = -4*k + 19 + 69. Suppose 0 = -3*l + 5*t + 1112, -7*l + 2*t = -12*l + 1874. What is the highest common divisor of k and l?
22
Let d = -2219 + 2426. Let n be (42/(-8))/(4/(-16)). Let q be 2 + 2 + n + -2. What is the greatest common divisor of q and d?
23
Let t be -5 + 4 + 91 - (-20)/5. What is the highest common divisor of 3478 and t?
94
Let l(n) = 24*n**2 + 802*n - 57. Let g be l(-35). What is the highest common factor of 969 and g?
19
Let z be -14 - 27/(270/(-7040)). What is the greatest common divisor of 12 and z?
6
Suppose 1249 = 37*o - 1082. What is the greatest common divisor of 666 and o?
9
Let g = -8019 - -13491. What is the highest common factor of g and 192?
96
Let u be 10*13/(39/438). Let c be u/36*5 + 4/18. What is the greatest common factor of 7 and c?
7
Suppose 696320 = 68*h + 102*h. What is the greatest common divisor of h and 2304?
256
Suppose -11*b + 177 = -b + 47. Calculate the greatest common divisor of 832 and b.
13
Let l = -13 - -21. Let h be (7 - 0 - 449)/(2 - 3). Let g = h - 410. Calculate the highest common factor of l and g.
8
Let i(m) = m + 4*m + 4*m**3 - 5*m**2 - 3*m. Let q be i(4). What is the greatest common divisor of q and 8?
8
Let m(f) = 5*f**2 + 3*f - 93. Let y(s) = -s**2 + 1. Let x(b) = -m(b) - 6*y(b). Let v be x(0). What is the greatest common factor of 116 and v?
29
Suppose 4*d - d = -4*y + 42, y = 4*d + 1. Suppose 0 = -0*z + y*z - 72. Let h be z/(56/(-35))*-2*2. Calculate the highest common divisor of h and 90.
10
Let b(m) = -m**3 - 22*m**2 - 95*m + 34. Let j be b(-16). What is the highest common factor of j and 423?
9
Let t = 197 - 189. Suppose 48 = 5*q - 4*m, 33 = 4*q - 4*m - m. Let i = q + t. What is the greatest common factor of i and 4?
4
Let p = 531 - 1160. Let u = -293 - p. Calculate the greatest common factor of u and 56.
56
Let y be (-5)/((-15)/(-4)) - (-305939)/213. Calculate the greatest common divisor of 123 and y.
41
Let d be (-1)/(0 + 1) + 120. Let c be ((-34)/3)/((-51)/(-18) - 3). Calculate the highest common factor of d and c.
17
Suppose 0 = -3*t + 5*v + 38964, -1303*t + 4*v = -1305*t + 25998. What is the highest common divisor of t and 549?
183
Let o be (-57*(-14)/9)/(25/(-75)). Let j = o - -271. What is the greatest common factor of j and 20?
5
Suppose 8*x = 4*i + 17380, -12*x + 3*i - 10846 = -17*x. Calculate the greatest common divisor of 13 and x.
13
Suppose 0 = l + h + 2 - 5, l + 2*h - 4 = 0. Suppose r + 12*y = 8*y - l, 4*r - 4*y - 52 = 0. Calculate the greatest common divisor of r and 20.
10
Let v be 41 - (-6)/9*3. Suppose -g - u = -0*g + v, 23 = -g - 5*u. Let w = -45 - g. What is the greatest common factor of w and 6?
3
Let n be (-6)/(-63)*3 - (-9672)/546. Calculate the highest common factor of 2565 and n.
9
Let b = 20715 - 19350. What is the greatest common factor of b and 1001?
91
Let y(b) = 35*b**3 + 28*b**2 - 20*b + 11. Let c be y(5). What is the greatest common divisor of c and 18?
18
Let l(z) = 4*z**2 + 10*z + 12. Let v be l(-4). Suppose -28*h + v + 132 = 0. Calculate the highest common factor of h and 78.
6
Let y = -458 - -1458. Calculate the greatest common factor of y and 300.
100
Let w = -609 - -613. Suppose 73*n = 72*n + w. Calculate the greatest common divisor of n and 3.
1
Suppose -4*a - 4*z + 112 = 0, 4*a + 3*z = 6*z + 91. Let g be 90*(-2)/a*-5. Let u be -45*7/35*-2*2. Calculate the highest common divisor of u and g.
36
Let c be 1 + -3 - (-296 + (-4)/4). Let p = c - 278. What is the greatest common divisor of 136 and p?
17
Suppose 4*x + 5*j - 4282 = 0, -2*x = 2*x + 3*j - 4278. Calculate the greatest common divisor of 48 and x.
12
Let j(q) = 13*q**2 + 2207*q 